 units digit of w?
7
Let i(n) = n**3 - n**2 - n + 1. Let b(w) = 3*w**3 - 56*w + 2. Let x(o) = -b(o) + 2*i(o). What is the hundreds digit of x(-11)?
4
Let s(j) = j + 12. Let m be s(-5). Let r(v) = 8*v - 8 + 0*v**2 + 7 + 11 - v**2. What is the units digit of r(m)?
7
Let g(c) be the third derivative of -c**2 + 0*c - 1/4*c**4 + 0 + 11/6*c**3 + 14/15*c**5. What is the hundreds digit of g(2)?
2
Let l = -5208 - -13516. What is the thousands digit of l?
8
What is the hundreds digit of 8/(-16)*(-2484)/3?
4
What is the units digit of (-96)/(-32) + (4 - 1 - 51246/(-6))?
7
Let z be 8/(-7 + 4 + 5). Suppose 0 = z*r + 5*j + 600, -3*r = -0*j - 4*j + 481. Let d = 12 - r. What is the units digit of d?
7
Let v(r) = r**3 - 4*r**2 + 52*r - 71. What is the hundreds digit of v(20)?
3
Let n(l) = 957*l + 368. What is the thousands digit of n(13)?
2
Let o(y) = -720*y - 4830. What is the units digit of o(-73)?
0
Let n be (-5)/((-4)/(-4)) - -17. Suppose n*x = 11*x + 455. What is the hundreds digit of x?
4
Suppose -9360 = 4*s - 5*b, 73*b = 3*s + 68*b + 7020. What is the tens digit of (s/(-25) + -6)/((-3)/(-20))?
8
Suppose 11*v - 136817 = -32*v - 28*v. What is the hundreds digit of v?
9
Let k(r) = 3*r - 20. Let s = -26 - -33. Let p be k(s). What is the tens digit of (p - (-28)/2)/(9/153)?
5
Let s = 25 - 21. Suppose 5*d + s*d - 1638 = 0. Suppose z + z = d. What is the units digit of z?
1
Let a = -99250 - -152005. What is the hundreds digit of a?
7
Let y be 1/(-3)*3333/(-11). Suppose 118*r = y*r + 8381. What is the tens digit of r?
9
Let p(a) = -90*a + 2. Let i(z) be the first derivative of -91*z**2/2 + 2*z - 39. Let o(c) = -5*i(c) + 4*p(c). What is the tens digit of o(1)?
9
Suppose -76*c + 1575480 = -937764. What is the ten thousands digit of c?
3
Let t(m) = 4413*m + 2292. What is the tens digit of t(6)?
7
Let c(l) = 147*l**2 + 9*l - 9. Suppose 45*q = 32*q + 13. What is the hundreds digit of c(q)?
1
What is the thousands digit of (-286)/(-6435) + (-100483)/(-45)?
2
Let k = -1331 + 3573. What is the units digit of k?
2
Let x be -8 + 16 - (3 + 257). What is the tens digit of 6/14 + (-115560)/x?
5
Suppose -829 - 2498 = -y + 3*q, 2*y + 2*q = 6646. What is the thousands digit of y?
3
What is the thousands digit of -6405*(171/(-45) - 27/(-15))?
2
Let q(p) = -84*p**3 - 2*p**2 - 5*p - 4. Let a = 291 + -293. What is the tens digit of q(a)?
7
Suppose 48*q = 2550 + 2106. Let z be 0 + 39 - 3/(-3). Let u = q - z. What is the units digit of u?
7
What is the tens digit of 414/184 - (-176446)/8?
5
Suppose 10*x + 600 = 2820. Suppose -3*a - 4*d - d + 694 = 0, -a + 3*d + x = 0. What is the hundreds digit of a?
2
Let s(h) = h**2 - 74*h - 272. What is the tens digit of s(85)?
6
Let q be (2 + 0)/((-11)/(-2772)). Suppose 498 = -3*i - t - 442, 3*i - 3*t + 948 = 0. Let u = q + i. What is the tens digit of u?
9
Let w(u) = 2740*u - 922. What is the thousands digit of w(5)?
2
Let m(g) = -g**3 - 2*g**2 - 2*g - 785. Let y be m(0). Let a = -2137 - y. What is the tens digit of (-1 + 2)/((-13)/a)?
0
Suppose 0 = 7*v - 5*t - 278000, -3*v + 2*t + 63904 = -55239. What is the tens digit of v?
1
Suppose 4*n + 23 = 4*a - 9*a, n = -3*a - 11. Let b(s) = -14*s**2 + 2. Let w be b(n). Let y = w + 125. What is the units digit of y?
1
Let j(r) = 96*r**3 + 18*r**2 - 91*r - 11. What is the units digit of j(4)?
7
Let x(o) be the second derivative of 2/3*o**3 + 0 + 2*o**2 - 1/20*o**5 + 20*o - 1/4*o**4. What is the tens digit of x(-6)?
8
Suppose 4*v - 11 = 4*s + 97, 0 = -3*v - 12. Let j = s - -36. Suppose j*f - 156 - 204 = 0. What is the units digit of f?
2
Suppose -30 = -7*w + w. Suppose j = -2, 3*d - 2*j - 102 = -w*j. What is the tens digit of d?
3
Suppose f = 5*f - u - 4881, -5*u = 5*f - 6070. What is the units digit of f?
9
Let v(i) = 4*i + 1. Let a be v(0). Let k(b) = 624*b**3 + 2*b**2 - 2. What is the tens digit of k(a)?
2
Suppose 0 = 6*x - 8605 - 2987. Let t = x + -1051. What is the units digit of t?
1
Let i(w) = -w**3 - 10*w**2 - 5*w - 58. Let y(t) = -t**3 + 3*t**2 + 19*t - 17. Let l be y(7). Let r = l + 69. What is the hundreds digit of i(r)?
1
Let f = -10 + 10. Suppose 4*i + 44 - 692 = f. Suppose 108 = 2*u + 5*l, 3*u - i = 3*l - 0*l. What is the units digit of u?
4
Suppose k - 14 = -6*k. Suppose -3*m + 17 = k. Suppose l - 60 = 4*i, -6*i + 200 = m*l - i. What is the tens digit of l?
4
Let v(o) = o**2 - 13*o - 24. Suppose -13*s + 79 + 116 = 0. Let y be v(s). What is the tens digit of 63 + (y - (-1 + 4))?
6
Suppose -o - 5*r + 5325 = -8*r, -4*o = 4*r - 21332. What is the hundreds digit of o?
3
Let b(m) = 41*m + 24*m - 64 - 7*m + 14. What is the hundreds digit of b(7)?
3
Let h = 331 - 534. Let n = h + 66. Let p = -39 - n. What is the units digit of p?
8
Suppose m - 266 = 4*f, -4*m + 1330 = m - 5*f. Let y = m - -259. What is the hundreds digit of y?
5
Suppose -151*r = -20*r - 13*r - 6066734. What is the units digit of r?
3
Let j = 29297 + -23109. What is the tens digit of j?
8
What is the tens digit of (26 - -3)*(4 - (12 + -9))?
2
Let k(w) be the second derivative of -w**5/20 + 3*w**4/4 + w**3/6 - 6*w**2 + 15*w. Let h be k(9). What is the units digit of (26 + h)*(3 + -6 - -4)?
3
Let g(o) = 26*o**3 + 9*o**2 + 10*o - 17*o**3 - 15*o**2. What is the units digit of g(4)?
0
Let g(o) = 274*o**2 - 388*o - 14. What is the units digit of g(-7)?
8
Suppose 5*p - 45 = p - 5*u, 3*p - 5*u = -10. Suppose 0 = 18*c - 606 - 510. Suppose 4*o + c = 4*y - 78, o = -p*y + 193. What is the units digit of y?
8
Suppose 15*s - 13*s = 1932. Let p = -473 + s. What is the tens digit of p?
9
Let f(g) = 109*g - 22. Let h(u) = -u**3 + 13*u**2 + 12*u + 31. Let z be h(14). What is the units digit of f(z)?
5
Let z(i) = -i**3 - 8*i**2 - 5*i - 2. Let a be z(-8). Let j = 27 + a. Suppose -d + 8 + j = -s, 4*s = 16. What is the units digit of d?
7
Suppose 0 = -2*n + 3*h + 1035, -5*n - h + 1055 = -3*n. Suppose 511 = -t + 5*z, -t - 2*z - n = -0*z. Let c = t - -755. What is the hundreds digit of c?
2
What is the hundreds digit of (-14 + 24181 + 14)/1?
1
Let r be (-2)/(-2) - (4 - (3 - -64)). Suppose 3*w - r = -4*z, 16*z - 13*z - w - 61 = 0. What is the units digit of z?
9
What is the hundreds digit of 2128/931 - 301248/(-14)?
5
Let i(v) = 7*v**2 - v + 11. Let m(y) = -7*y**2 - 9. Let c(w) = -4*i(w) - 5*m(w). What is the tens digit of c(-4)?
9
Let k(t) be the first derivative of t**4/3 - t**3/6 - 6*t**2 + 7. Let d(n) be the second derivative of k(n). What is the tens digit of d(9)?
7
Let g be ((-4)/(-2))/((-50)/75). What is the units digit of (-4)/g + ((-1122)/(-9) - 5)?
1
Let l be -2 + 2 - (4 + -7 - -1). Suppose 0*j + 1111 = l*j - 5*z, -3*j + 4*z + 1684 = 0. What is the hundreds digit of j?
5
What is the tens digit of (-282100)/124*80/(-14)?
0
Suppose -5*g + 10256 = f, 31*f - 20452 = 29*f + 2*g. What is the thousands digit of f?
0
Let b(x) = -100*x**3 - 6*x**2 + 24*x - 33. What is the tens digit of b(-6)?
0
Let k(m) = 2*m**2 + 18*m + 12. Let q(h) = -h**2 - h + 18. Let i(x) = k(x) + q(x). Suppose 20 = -4*f - 44. What is the units digit of i(f)?
4
Let w be 272/3 - (-2)/6. Let g be (22 - 26)/(1 + 8/(-4)). What is the units digit of -6 + w/14 + 54/g?
4
Suppose -37*g - 175420 = -47*g. What is the thousands digit of g?
7
Suppose 42 = -9*x + 11*x. Let h be 16/(3 + (-60)/x). Suppose 0 = -4*r - 5*d + h, -2*d + 119 = 5*r - d. What is the units digit of r?
3
What is the hundreds digit of -7*17/119*10709*-1?
7
Let o(t) be the second derivative of 3 - 5/3*t**3 - 14*t**2 + 9*t. What is the units digit of o(-6)?
2
Suppose -3*z - 73 = -61. What is the units digit of (z - -5) + 596 - 4?
3
Let g be ((-22)/(-5))/(639/90 + -7). Let v = -26 + 12. Let c = g - v. What is the units digit of c?
8
Let r = 34 - 37. Let q = 113 - r. Suppose -4*y + 40 = -q. What is the units digit of y?
9
Let w be (0 + 0)/((-2)/(-1)). Let q be (-32)/(-8) - (w + 137). What is the units digit of (q/57)/((-2)/18)?
1
Let q = 114972 - 30536. What is the tens digit of q?
3
Let p be 1*412/(-8)*-2. Let t be (-45)/(-12)*(2 - -2). Suppose t = v - p. What is the tens digit of v?
1
Suppose -43*n - 20 = -41*n. Let y be (-42)/n + (-1)/5. Let k(m) = 9*m**2 - 7*m + 6. What is the hundreds digit of k(y)?
1
Let j = 5366 + -2342. What is the tens digit of j?
2
Let c = -4666 - -4858. Let u = 8 + -6. What is the units digit of (